 4)). Let l(r) = -37624*r**3 - 4*r**2 - 10*r - 7. Is l(v) a prime number?
False
Let k = 14749 - 9236. Is k a prime number?
False
Suppose 0 = -9*y - 1985 + 7907. Suppose 2*v + 3*v = -2*s + 1645, -2*v + y = 3*s. Is v a composite number?
True
Let h = 7628 - 5365. Suppose -h - 12107 = -6*b. Is b composite?
True
Let o(j) = -5*j**3 + 2*j**2 + j. Let g be o(-1). Let t(v) = -1 + 59*v + 6 + 0 + 34*v. Is t(g) prime?
True
Suppose -38674 = -3*l + 5*z, 9*z - 7*z = 2. Is l - (-16)/6*(-6)/4 a prime number?
True
Let b(m) = 4*m**3 - 30*m**2 - 25*m + 20. Suppose 4 - 16 = -4*s, 0 = -5*l - s + 88. Is b(l) a prime number?
False
Suppose 7*f = -5*f - 0*f. Suppose -5*q + 634 + 1711 = f. Is q prime?
False
Let g(f) = 341*f - 31. Let b be g(-17). Let l = b + 8745. Is l a prime number?
True
Suppose 21*u = -8*u - 29. Is u*5 - 5/((-50)/332840) prime?
False
Suppose 0 = 326*g - 55*g - 31525159. Is g prime?
True
Let o(u) = 2023*u**2 + u + 3. Let g be o(3). Suppose -g = -5*m + j, -5*m + 5*j = -8226 - 9979. Is m prime?
True
Suppose 14*j = 8*j + 18. Suppose 3*c - j - 9 = 0. Is -1954*1/c*-2 prime?
True
Let m(l) = -43*l**3 - 2*l**2 - 49*l + 139. Is m(-18) prime?
True
Let i = 24478 - 14177. Is i prime?
True
Is (108/(-9) - -1905) + -10 + 0 a prime number?
False
Let y(g) = 250*g + 11. Let u be y(19). Suppose -u = -27*b + 18*b. Is b composite?
True
Suppose -4*c + 7*q - 6*q = 68108, 3*q - 51090 = 3*c. Is (c/(-4))/(6*12/144) prime?
True
Suppose -98*p + 17*p + 39057737 = -50*p. Is p a composite number?
False
Let v(w) = 174*w**2 - w + 1. Let o be v(-1). Suppose 13*x = 9*x - o. Is 465/30*x/(-2) composite?
True
Is (1043121/18)/(10/60) prime?
True
Suppose 0 = 3*y - 2*j - 36449 - 4080, -y = 5*j - 13521. Let b = -5530 + y. Is b prime?
False
Let c = 206 + -201. Suppose 5*n + 4*b - 29982 = -9423, -5*b + c = 0. Is n prime?
True
Let f(m) = -13*m - 79. Let q be f(-6). Let j(x) = -441*x + 6. Is j(q) composite?
True
Suppose 3*h - 31981 = -q, 0 = -2*q + 5*h + 32980 + 30949. Suppose -5523 = -t - 3*k + 2470, 2*k = 4*t - q. Is t a composite number?
False
Suppose -n + 4*c = -14, 0*n = -n + 3*c + 11. Is ((-35617)/n)/(7/(-14)) composite?
False
Let g(o) = o**3 - 4*o**2 + 2*o + 2. Let m be g(4). Suppose 0 = -m*a - 5 + 35. Suppose -a*u = -5*l + u + 3115, 0 = -5*u. Is l composite?
True
Let l(m) be the third derivative of -23*m**4/12 + m**3/3 - 5*m**2. Let z be l(-1). Is (6112/z)/(2/9) prime?
False
Suppose -55*x - 7*x + 1078651 + 12154939 = 0. Is x a composite number?
True
Let t be 27*(3 - (5 - 3)). Suppose -t*m + 13*m + 17626 = 0. Is m a prime number?
True
Let f(r) = 6*r + 32. Let c be f(-4). Suppose 8 = c*m - 12*m, n - 2129 = -4*m. Is n a composite number?
False
Let p be 15 + 1 - ((3 - 6) + 7). Let u = p + -33. Let a(s) = s**2 + 11*s + 13. Is a(u) a composite number?
False
Let d(u) = 21*u - 1. Let s be d(3). Suppose 74*h - s*h - 2532 = 0. Is h prime?
True
Suppose -2*p - 9348 = c - 3*c, 4*c + 4*p - 18656 = 0. Suppose 18186 = 7*a - c. Is a composite?
True
Let o(y) = 1 + 54*y - 111*y + 1 + 93*y**3 + 51*y + 2*y**2. Is o(3) a composite number?
True
Suppose 355 = 5*m + 330. Suppose 0 = -2*h + b + 277, 368 - 111 = 2*h - m*b. Is h prime?
False
Let s(v) = 300*v**2 - 159*v - 5840. Is s(-63) prime?
True
Let g(u) = 2*u**2 + 7*u + 6. Let f be g(-3). Suppose a + 3 = -f. Is ((-2 - a) + 403)/1 composite?
True
Let m = -432959 + 671586. Is m prime?
True
Is (-6 - -87894) + (4 - (-77)/(-21))*3 prime?
False
Let l(q) = 3*q**2 + q + 5. Let f be l(-4). Suppose 60*i - f*i - 100463 = 0. Is i a composite number?
False
Suppose -156*g + 7519037 + 13484647 = 0. Is g a composite number?
False
Suppose 2*r - b = 10, b + 89 = r + 84. Suppose 0 = -r*w + 35*w - 852450. Is w prime?
False
Suppose 22*n - 26*n = -8. Let q be 14/n*(3 + -2 + 0). Is (1360 - 8) + q + -2 a composite number?
True
Suppose 25*s - 166850 - 1550825 = 0. Is s a prime number?
False
Let a(o) = 25*o**3 - 21*o**2 - 20*o - 71. Let n(q) = 12*q**3 - 11*q**2 - 10*q - 36. Let m(x) = -6*a(x) + 11*n(x). Is m(-7) a prime number?
True
Let b(g) = g**2 - 16*g + 28. Let r be b(14). Suppose 3*a - 190 = -a + 3*h, r = a + 4*h - 57. Let v = -39 + a. Is v a composite number?
True
Let n = 462833 + 373776. Is n composite?
False
Suppose -f = 5*s - 24992, -4*s + 3*f + 2295 + 17710 = 0. Let o = s + -1134. Is o composite?
True
Let w(u) be the third derivative of -1847*u**4/8 - 55*u**3/6 + 81*u**2. Is w(-2) prime?
True
Suppose -71*j + 74*j = 6. Suppose -2*v + 1823 - 341 = 4*y, j*v = -2*y + 738. Suppose -12*u = -0*u - y. Is u composite?
False
Suppose -2*b + 255 = -0*b + 3*g, -g = -b + 115. Let d = 5 - 14. Let z = d + b. Is z composite?
True
Suppose -43*u + 5*s = -41*u - 4505813, 3*s + 2252902 = u. Is u prime?
False
Let w = 19278 - 10851. Suppose -4*q = -h + w, -4*q + 8395 = h - 0*q. Is h a prime number?
False
Suppose -10*i + 16700 = -8*i. Let p = i - 3567. Is p composite?
False
Let s = -1955 + 2818. Let j = s - 182. Is j composite?
True
Let i(s) = -s**3 + 17*s**2 - 19*s + 65. Let m be i(16). Suppose -m*b + 25039 = -37708. Is b composite?
False
Suppose 0 = 18*s - 20*s - 5*w + 10009, 5*s = -2*w + 24949. Is s composite?
False
Suppose 15*c + 3*z - 1379486 = 11*c, -3*c + 1034609 = 5*z. Is c a prime number?
True
Let v be 7/21*-25*(-15 - 0). Suppose 23 = 5*q + 2*x + v, 3*q - 2*x = -58. Is (-133)/(-4) - (-5)/q composite?
True
Suppose 74 + 100 = -6*w. Let p(n) = 2*n**2 + 24*n - 4. Is p(w) a prime number?
False
Let r be (-48746)/(-14) + 4/28. Suppose -263 = -5*l + r. Is l composite?
True
Let j(l) = -91997*l + 2788. Is j(-5) prime?
True
Suppose 227*o + 14467786 - 140464817 = 0. Is o a composite number?
False
Let j(q) = -q**3 + 9*q**2 - 16*q - 14. Let l be j(6). Is l*3*10158/(-36) composite?
False
Let v(h) be the third derivative of -69*h**4/4 + 7*h**3/6 + h**2. Let w = 8654 + -8656. Is v(w) prime?
False
Let c(j) = 521*j + 746. Is c(33) a composite number?
False
Let j be 1*(-4)/20 + 546/5. Suppose 3*p - 4*b - 303 = 0, 5*b = p + b - j. Is p composite?
False
Let n(d) be the first derivative of d**4/4 + 9*d**3 - 37*d**2/2 - 32*d - 28. Is n(-27) a prime number?
True
Let v(h) = 2*h**2 - 273 + 11*h + 227 + h. Let u be v(15). Is u/20*1005/6 a composite number?
True
Let r(m) = 237*m**2 + 85*m + 1037. Is r(-21) a composite number?
False
Let k(y) = y**2 - 30*y - 45. Let w be k(33). Is 612/w*(1 + 265/2) a composite number?
True
Is 156439 - -3 - (-3 - -14) prime?
False
Suppose 46631 = 4441*d - 4428*d. Is d prime?
False
Let v = -218 - -365. Let c be v/6*(-164)/(-2). Suppose -122 + c = 3*f. Is f composite?
True
Let d(r) = r**2 - 16*r + 26. Let w be d(14). Let o be (-3)/(w - -5) - 0. Is (-7 + 36/6)*233/o a prime number?
True
Let b(x) = 10*x + 10*x - 48 + 58*x. Let a be b(5). Suppose -z = 131 - a. Is z composite?
False
Suppose -125 - 355 = -y. Let t be 4*(4242/(-56) - (0 + 1)). Let l = y - t. Is l composite?
False
Let o = 467849 - -104508. Is o prime?
True
Is -2*(-1*5 + 27651897/(-182)) a prime number?
False
Suppose -38*r + 41*r + 5*j - 363029 = 0, -2*r + j + 242002 = 0. Is r a composite number?
True
Let c = -1854 + 1857. Let y = -9 - -14. Suppose y*o + c*i = 465, 5*i = 3*i. Is o composite?
True
Suppose -1324032 = -16*z - 2*z + 1135650. Is z a composite number?
False
Suppose -9398114 - 1076309 = -163*y + 53887920. Is y composite?
False
Suppose 5*c - 3*c = o + 5, -4*c - o + 25 = 0. Suppose -2*i - 10407 = -4*t + 7155, 0 = c*i - 25. Is t prime?
False
Is (-14)/(4158/(-4146) - -1) prime?
False
Let y(i) = 5*i**2 + 10*i + 1. Let p be y(-15). Let h = 2696 - p. Let o = -841 + h. Is o prime?
False
Let z(l) = 148*l**2 + 10*l - 8. Let o be z(4). Let k = o + -1579. Is k prime?
True
Let b be ((-2)/4)/(-5*(-4)/(-14360)). Let k = b - 244. Is k composite?
True
Suppose -11 + 9 = -2*p. Is 977/(-4*(-2 + p) - 3) composite?
False
Suppose 0 = 2*n - 39*n - 22*n + 11213245. Is n a prime number?
False
Suppose 0*d + 159 = 3*d. Suppose -d = -2*a + 421. Is a a composite number?
True
Let u = 29389 + 40122. Is u a composite number?
True
Suppose -2*v + 1103402 = 2*t, 433*t - 435*t + 1103346 = -5*v. Is t a prime number?
True
Let a = -104383 - -231486. Is a prime?
True
Suppose -4*q + 12 = 2*w, -2*q - 38*w + 34*w = 0. Suppose 2*c = -4*i, -1 - 4 = 5*c + 5*i. Is ((-2)/q)/(8/44864*c) a prime number?
False
Suppose -334*d + 19343829 = -193040425. Is d composite?
True